 is the greatest common divisor of 24 and z?
24
Let i(x) = 27*x + 2891. Let h be i(0). Calculate the greatest common factor of h and 59.
59
Suppose 3*f - 770 = -2*x, -x - f = 4*x - 1899. Let v = -183 + x. What is the highest common divisor of 49 and v?
49
Suppose 10*a = 17*a - 42. Let r(i) = -i**3 - 5*i**2 + 7*i - 1. Let y be r(-7). What is the highest common divisor of y and a?
6
Let n = -3 + 13. Suppose -5*v + w = -767, 5*w - 5 - n = 0. What is the highest common divisor of 22 and v?
22
Let k(a) = -2*a**2 + 47*a + 37. Let r be k(24). Suppose -2*w - w = -117. Calculate the greatest common divisor of r and w.
13
Let m = 40 + -33. Let t = -2 + -1. Let d = m + t. Calculate the greatest common divisor of 10 and d.
2
Suppose 0 = -5*l + x + 2*x + 15, -15 = 4*l + 3*x. Suppose -3*o + 126 = -l*o. Suppose -4*v + o = -v. Calculate the highest common divisor of 126 and v.
14
Suppose -z + 17 = 5*i, 4*z - 2*z = 4*i - 8. Suppose 11 - 9 = 2*d. Let v be 30/i*(d - -7). Calculate the greatest common divisor of 10 and v.
10
Let y = 16 + -18. Let i be 2 + (31 - (y + 1)). Calculate the greatest common factor of i and 17.
17
Let l = -79 + 118. Calculate the highest common factor of 3 and l.
3
Let l be (-24*(-3)/252)/(2/119). Let j = 193 - 108. What is the greatest common factor of j and l?
17
Let n = 1723 - 1642. Calculate the highest common divisor of n and 108.
27
Let j(v) = -1. Let o(b) = 15*b + 3. Let a(z) = j(z) + o(z). Let u be a(1). What is the greatest common factor of 272 and u?
17
Suppose 0*t + 690 = 5*u + 3*t, -3*u + 414 = 2*t. Suppose 0 = 7*h - h - u. Calculate the greatest common factor of h and 161.
23
Suppose 0 = -x + 16*x - 165. What is the highest common divisor of x and 209?
11
Suppose 0 = 7*x - 51 + 16. Let b = 7 - 5. Suppose -x*u + 162 = -b*u. Calculate the highest common divisor of u and 6.
6
Let g(k) = 12*k + 11. Let i be g(7). Suppose i + 97 = 8*z. What is the greatest common divisor of 36 and z?
12
Suppose c - 36 = -c + 3*i, -3*c - i = -43. What is the greatest common factor of 60 and c?
15
Suppose 4*q - 197 = -2*c - 53, c = q - 36. Suppose 3*d = -5*t + 42, 2*t = -d - 2*t + 21. Calculate the highest common divisor of q and d.
9
Let d = 136 - 119. Suppose -2*b - 129 = -4*f + 135, -4*f = 4*b - 288. What is the greatest common factor of f and d?
17
Let c(t) = t**2 + 12*t - 12. Let j be c(-14). Let a be (j - 14) + 219 + -1. Calculate the highest common divisor of 20 and a.
20
Let i = 31 - 21. Suppose h + 0*p - i = p, -3*h + 46 = p. What is the highest common factor of 35 and h?
7
Let l(r) = r**2 + 4*r + 9. Let m be l(9). What is the highest common factor of m and 9?
9
Let k = 237 - 33. What is the greatest common divisor of k and 12?
12
Let h(u) be the second derivative of -u**5/20 + 2*u**4/3 + u**3/3 - 3*u. Let c be h(6). Let p = 56 + c. What is the highest common divisor of 56 and p?
28
Suppose -2*k - 54 = -0. Let y = -21 - k. Suppose 2*x - y = 8. Calculate the greatest common factor of 21 and x.
7
Let v = 121 - 37. What is the greatest common factor of v and 210?
42
Let v be 1/(((-4)/(-6))/2) + 4. Suppose 2*w - 3*g - 4 + 0 = 0, 3*g = 0. Let t = w + v. Calculate the greatest common divisor of t and 6.
3
Let n(d) = d**3 + 20*d**2 - 2*d - 40. Let o be n(-20). Suppose o = 5*m - 377 - 473. Calculate the highest common divisor of 10 and m.
10
Let z(p) = 9*p + 10. Let q(f) = -19*f - 19. Let g(l) = 6*q(l) + 13*z(l). Let s be g(-5). Calculate the greatest common divisor of 10 and s.
1
Let c = 35 - 33. Suppose -t - c*t + 240 = 0. What is the greatest common factor of 10 and t?
10
Suppose n = -3 - 4. Let m = n + 3. Let f be (-2 + (m - -3))*-3. Calculate the greatest common divisor of f and 45.
9
Let d(b) = b - 3. Let j be d(12). Let q be j/((-1)/((-4)/6)). Suppose 0*n - 48 = -2*n. Calculate the highest common factor of q and n.
6
Let z = -17 - -34. Suppose z + 9 = 2*p. What is the greatest common factor of p and 26?
13
Let x(l) = -l**3 - 9*l**2 + 11*l + 15. Let q be x(-10). Let w be 18/q*((-80)/(-12) + 0). What is the greatest common factor of 3 and w?
3
Let t = -17 + 14. Let a be (t/(-2))/((-3)/16*-2). Calculate the highest common factor of a and 36.
4
Let m = 2641 - 1410. Let y = m + -2185. Let k be (-6)/14 + y/(-21). What is the highest common divisor of k and 18?
9
Suppose 3*k - 1112 = -428. What is the highest common divisor of 24 and k?
12
Let g(o) = -o + 22. Let l be g(-50). Calculate the highest common divisor of 48 and l.
24
Suppose -4*v = -960 - 4080. What is the highest common factor of 20 and v?
20
Suppose -2*v + 5*f = -28, 6*f - 2*f = -3*v - 4. Suppose m + 0*y = -v*y - 5, -4*m = -4*y - 40. Calculate the greatest common factor of 42 and m.
7
Let x(l) = -15*l + 11. Let o be x(-16). Let p = 5 + -6. Let h be 3 + o + p + -1. What is the highest common divisor of 28 and h?
28
Let y be 4/4 + (-15)/(-1). Let n(p) = 50*p - 206. Let z be n(7). Calculate the greatest common divisor of z and y.
16
Suppose 492 = 5*g - 2*l, 3*g + l - 166 = 138. What is the highest common factor of g and 80?
20
Suppose 0 = 5*z - 2*s - 2730, -614 = -3*z + 2*s + 1024. Calculate the greatest common factor of z and 26.
26
Suppose 4*i - 199 = -3*s, -4*i = -2*s - 0 + 106. Calculate the greatest common factor of s and 976.
61
Let r be (-2)/7 - 1124/(-14). Suppose -3*y + 2*n + 142 = 0, 3*y = -2*y - 2*n + 242. Calculate the highest common factor of r and y.
16
Suppose 32 = -3*b + 26. Let n be (b/(-6))/(194/(-39) - -5). What is the highest common divisor of 65 and n?
13
Suppose 132 = 12*m - 9*m. Calculate the highest common divisor of m and 264.
44
Let n be (-6)/72*-3*2*38. Suppose 28 = n*d - 17*d. Calculate the highest common divisor of d and 42.
14
Suppose 34*j - 2072 = 26*j. Calculate the highest common divisor of j and 148.
37
Suppose -23*v = -30*v + 112. What is the highest common factor of v and 2?
2
Suppose -3 + 1 = -4*v - 5*q, q - 2 = 0. Let g be (-1270)/(-35) + v/7. Calculate the greatest common divisor of 252 and g.
36
Let m(f) = f**3 + 7*f**2 - 7*f - 13. Let x be m(-7). Calculate the greatest common divisor of x and 60.
12
Suppose 0 = -5*v - 93 + 288. Let s = 337 - -14. What is the highest common divisor of v and s?
39
Let g(d) = d + 9. Let o be g(-7). Suppose 0 = t - o*z - 295, 4*t + 0*z = -4*z + 1192. Suppose t = 4*c - c. Calculate the greatest common divisor of 9 and c.
9
Suppose 7*m = -5 - 2. Let s be (7*m)/(16/(-32)). Calculate the highest common divisor of 49 and s.
7
Let o = -471 + 2347. Calculate the greatest common divisor of 28 and o.
28
Let k = 6 - -8. Calculate the greatest common divisor of 266 and k.
14
Let s(d) = 5*d**3 - d**2 - 5. Let l be s(2). Suppose 5*r - 361 = -l. What is the highest common factor of 6 and r?
6
Let a be -287*(2 + (-80)/35). Calculate the greatest common factor of 2050 and a.
82
Suppose 19 + 21 = -4*s. Let g be s*((-36)/10 + 0). Let k be (-512)/(-36) - 8/g. What is the highest common factor of 2 and k?
2
Let n be -2 + -1 + 0 + 6. Suppose 15 = 5*y, 9 = 5*m - n*y + 3. What is the highest common factor of 3 and m?
3
Let k(r) = -29*r + 727. Let s be k(25). Let u = 1 + 1. Calculate the greatest common divisor of u and s.
2
Suppose 5 = p - 2*w - 6, 0 = -p + w + 8. Let a(t) = 32*t - 12. Let z be a(p). Let f = -106 + z. Calculate the highest common divisor of f and 6.
6
Suppose 198*m = 200*m - 20. Suppose 0 = -3*t + f + 40, 2*t + f = -3*f + 50. What is the highest common divisor of m and t?
5
Suppose 143*q - 146*q = -15. Suppose 0 = -z - q, 2*a - 2*z - 319 = z. What is the greatest common factor of a and 19?
19
Let w = -124 + 202. Suppose 0 = -q + 2*t - 0*t + 24, -3*t - w = -3*q. Let h = 19 - 12. Calculate the highest common factor of h and q.
7
Suppose -316 = -4*x - 48. Suppose -98 = -69*t + x*t. What is the highest common divisor of 7 and t?
7
Suppose 0 = 4*u - 108 + 16. Suppose 0 = 3*d + 5*k - u, 2*k = d + k - 21. Calculate the greatest common divisor of d and 16.
16
Let b be (-8)/(-3)*(-678)/(-8). Suppose 4*g = 374 + b. Suppose -20 = 5*l, 5*l + 33 + 17 = 2*n. What is the greatest common divisor of n and g?
15
Let g = -295 + 400. What is the greatest common factor of g and 35?
35
Let i = 87 - 45. Let a(b) = -b + 11*b**3 + 6 - 6 + 18*b**3. Let f be a(1). Calculate the greatest common divisor of f and i.
14
Let g(z) = z**2 - 17. Let q b